471
List the prime factors of 970.
2, 5, 97
List the prime factors of 749.
7, 107
List the prime factors of 4211.
4211
What are the prime factors of 83146?
2, 7, 5939
What are the prime factors of 336?
2, 3, 7
What are the prime factors of 101411?
101411
What are the prime factors of 173?
173
List the prime factors of 1625.
5, 13
What are the prime factors of 81297?
3, 3011
List the prime factors of 652.
2, 163
List the prime factors of 4188.
2, 3, 349
What are the prime factors of 903?
3, 7, 43
What are the prime factors of 1228?
2, 307
What are the prime factors of 95670?
2, 3, 5, 1063
List the prime factors of 104262.
2, 3, 17377
What are the prime factors of 3304?
2, 7, 59
List the prime factors of 130.
2, 5, 13
What are the prime factors of 11935?
5, 7, 11, 31
What are the prime factors of 41196?
2, 3, 3433
List the prime factors of 1990.
2, 5, 199
List the prime factors of 81.
3
What are the prime factors of 874?
2, 19, 23
List the prime factors of 54364.
2, 13591
List the prime factors of 15254.
2, 29, 263
What are the prime factors of 1397?
11, 127
What are the prime factors of 143695?
5, 29, 991
What are the prime factors of 1353?
3, 11, 41
List the prime factors of 390.
2, 3, 5, 13
What are the prime factors of 120?
2, 3, 5
What are the prime factors of 11449?
107
List the prime factors of 155.
5, 31
List the prime factors of 2548.
2, 7, 13
What are the prime factors of 170147?
229, 743
List the prime factors of 36.
2, 3
List the prime factors of 239.
239
List the prime factors of 2789.
2789
What are the prime factors of 27214?
2, 11, 1237
List the prime factors of 104108.
2, 17, 1531
List the prime factors of 600.
2, 3, 5
What are the prime factors of 8858?
2, 43, 103
What are the prime factors of 994?
2, 7, 71
List the prime factors of 11478.
2, 3, 1913
What are the prime factors of 4747?
47, 101
What are the prime factors of 16209?
3, 1801
List the prime factors of 436.
2, 109
What are the prime factors of 3782?
2, 31, 61
List the prime factors of 1135.
5, 227
What are the prime factors of 34745?
5, 6949
List the prime factors of 4037.
11, 367
What are the prime factors of 1453?
1453
List the prime factors of 260.
2, 5, 13
List the prime factors of 626.
2, 313
What are the prime factors of 514?
2, 257
List the prime factors of 163673.
163673
List the prime factors of 31239.
3, 13, 89
List the prime factors of 2808.
2, 3, 13
List the prime factors of 26912.
2, 29
List the prime factors of 405.
3, 5
What are the prime factors of 7672?
2, 7, 137
What are the prime factors of 3339?
3, 7, 53
What are the prime factors of 1673?
7, 239
List the prime factors of 60039.
3, 7, 953
What are the prime factors of 30363?
3, 29, 349
What are the prime factors of 79759?
47, 1697
What are the prime factors of 140?
2, 5, 7
What are the prime factors of 27707?
103, 269
List the prime factors of 5429.
61, 89
What are the prime factors of 60419?
31, 1949
List the prime factors of 626.
2, 313
What are the prime factors of 6447?
3, 7, 307
List the prime factors of 1891.
31, 61
List the prime factors of 25172.
2, 7, 29, 31
List the prime factors of 17979.
3, 13, 461
What are the prime factors of 121551?
3, 31, 1307
List the prime factors of 19278.
2, 3, 7, 17
What are the prime factors of 2020?
2, 5, 101
List the prime factors of 103082.
2, 7, 37, 199
What are the prime factors of 60874?
2, 11, 2767
What are the prime factors of 1565?
5, 313
What are the prime factors of 4826?
2, 19, 127
What are the prime factors of 13636?
2, 7, 487
List the prime factors of 4055.
5, 811
List the prime factors of 2148.
2, 3, 179
What are the prime factors of 13980?
2, 3, 5, 233
What are the prime factors of 14438?
2, 7219
What are the prime factors of 1152?
2, 3
List the prime factors of 36226.
2, 59, 307
List the prime factors of 1461.
3, 487
What are the prime factors of 95074?
2, 7, 6791
What are the prime factors of 843?
3, 281
What are the prime factors of 836?
2, 11, 19
List the prime factors of 12593.
7, 257
List the prime factors of 11725.
5, 7, 67
What are the prime factors of 68149?
23, 2963
What are the prime factors of 41895?
3, 5, 7, 19
What are the prime factors of 8782?
2, 4391
What are the prime factors of 21085?
5, 4217
What are the prime factors of 3428?
2, 857
List the prime factors of 48282.
2, 3, 13, 619
What are the prime factors of 16206?
2, 3, 37, 73
List the prime factors of 3711.
3, 1237
List the prime factors of 110.
2, 5, 11
What are the prime factors of 9503?
13, 17, 43
List the prime factors of 3395.
5, 7, 97
List the prime factors of 28184.
2, 13, 271
List the prime factors of 7420.
2, 5, 7, 53
List the prime factors of 33176.
2, 11, 13, 29
What are the prime factors of 6314?
2, 7, 11, 41
What are the prime factors of 86581?
11, 17, 463
What are the prime factors of 12090?
2, 3, 5, 13, 31
What are the prime factors of 4439?
23, 193
What are the prime factors of 12942?
2, 3, 719
What are the prime factors of 524?
2, 131
List the prime factors of 1673.
7, 239
List the prime factors of 8017.
8017
List the prime factors of 35.
5, 7
List the prime factors of 122473.
13, 9421
What are the prime factors of 13943?
73, 191
List the prime factors of 4280.
2, 5, 107
What are the prime factors of 2138?
2, 1069
List the prime factors of 649.
11, 59
What are the prime factors of 12159?
3, 7, 193
What are the prime factors of 78811?
53, 1487
What are the prime factors of 3619?
7, 11, 47
What are the prime factors of 51589?
23, 2243
List the prime factors of 1134.
2, 3, 7
List the prime factors of 408.
2, 3, 17
List the prime factors of 94138.
2, 11, 389
What are the prime factors of 26535?
3, 5, 29, 61
List the prime factors of 589.
19, 31
List the prime factors of 13832.
2, 7, 13, 19
What are the prime factors of 163304?
2, 137, 149
List the prime factors of 313.
313
List the prime factors of 21786.
2, 3, 3631
What are the prime factors of 2254?
2, 7, 23
List the prime factors of 436.
2, 109
What are the prime factors of 35303?
43, 821
List the prime factors of 2060.
2, 5, 103
List the prime factors of 7140.
2, 3, 5, 7, 17
What are the prime factors of 13459?
43, 313
What are the prime factors of 6191?
41, 151
List the prime factors of 37576.
2, 7, 11, 61
List the prime factors of 1517.
37, 41
What are the prime factors of 10055?
5, 2011
What are the prime factors of 172406?
2, 13, 19, 349
List the prime factors of 35771.
35771
What are the prime factors of 836?
2, 11, 19
List the prime factors of 22067.
22067
What are the prime factors of 5159?
7, 11, 67
List the prime factors of 12084.
2, 3, 19, 53
What are the prime factors of 18301?
18301
List the prime factors of 1536.
2, 3
List the prime factors of 14291.
31, 461
What are the prime factors of 7119?
3, 7, 113
List the prime factors of 267.
3, 89
List the prime factors of 2396.
2, 599
List the prime factors of 4373.
4373
What are the prime factors of 2540?
2, 5, 127
What are the prime factors of 22648?
2, 19, 149
List the prime factors of 2236.
2, 13, 43
List the prime factors of 6502.
2, 3251
List the prime factors of 9523.
89, 107
What are the prime factors of 13282?
2, 29, 229
What are the prime factors of 2133?
3, 79
List the prime factors of 12979.
12979
What are the prime factors of 130474?
2, 89, 733
What are the prime factors of 678?
2, 3, 113
List the prime factors of 1877.
1877
What are the prime factors of 17755?
5, 53, 67
List the prime factors of 1366.
2, 683
List the prime factors of 6050.
2, 5, 11
What are the prime factors of 7882?
2, 7, 563
List the prime factors of 119709.
3, 47, 283
List the prime factors of 146.
2, 73
List the prime factors of 435.
3, 5, 29
What are the prime factors of 2309?
2309
List the prime factors of 4050.
2, 3, 5
List the prime factors of 2830.
2, 5, 283
List the prime factors of 8946.
2, 3, 7, 71
List the prime factors of 4347.
3, 7, 23
List the prime factors of 23.
23
List the prime factors of 4828.
2, 17, 71
List the prime factors of 1004.
2, 251
List the prime factors of 16526.
2, 8263
List the prime factors of 28933.
28933
List the prime factors of 4334.
2, 11, 197
What are the prime factors of 19392?
2, 3, 101
List the prime factors of 876.
2, 3, 73
List the prime factors of 103252.
2, 83, 311
List the prime factors of 18974.
2, 53, 179
What are